 15?
38
What is -1011001111 (base 2) in base 9?
-878
23c2 (base 14) to base 4
1201212
-47c (base 15) to base 5
-13032
What is 1a424 (base 11) in base 13?
cc54
Convert -b279 (base 13) to base 9.
-36668
What is 25665 (base 7) in base 12?
3b76
33149 (base 11) to base 8
135732
Convert 26122 (base 10) to base 13.
bb75
Convert -302 (base 4) to base 2.
-110010
-37f2 (base 16) to base 12
-8356
Convert -3561 (base 8) to base 14.
-9a1
-212112 (base 3) to base 12
-44b
Convert -15035 (base 6) to base 14.
-c35
28808 (base 10) to base 11
1a70a
1105 (base 6) to base 8
401
-1320202 (base 4) to base 10
-7714
What is 58a (base 11) in base 5?
10303
26420 (base 10) to base 12
13358
What is 11824 (base 9) in base 8?
17430
What is 2152 (base 6) in base 3?
200112
What is 101111010111 (base 2) in base 4?
233113
Convert 31f (base 16) to base 3.
1002121
Convert 21211 (base 4) to base 9.
751
Convert 111110101100 (base 2) to base 3.
12111121
What is 3684 (base 9) in base 15?
c34
Convert 28358 (base 10) to base 11.
1a340
Convert -10018 (base 13) to base 9.
-43177
2111 (base 9) to base 5
22144
What is -12320320 (base 4) in base 7?
-145156
Convert 4ec (base 15) to base 5.
13442
-7470 (base 12) to base 13
-5a63
Convert -5625 (base 11) to base 9.
-11141
-1000111100001000 (base 2) to base 13
-13888
Convert -17899 (base 10) to base 8.
-42753
Convert 12032 (base 4) to base 12.
292
What is -c74c (base 14) in base 16?
-8640
Convert -602 (base 9) to base 6.
-2132
What is 43 (base 14) in base 3?
2012
Convert -113301 (base 4) to base 13.
-900
3254 (base 6) to base 9
1027
201441 (base 5) to base 7
24640
Convert 6582 (base 10) to base 15.
1e3c
What is -25421 (base 6) in base 8?
-7365
-19002 (base 10) to base 14
-6cd4
What is 3069 (base 13) in base 16?
1a16
21801 (base 9) to base 10
14500
Convert 122 (base 6) to base 8.
62
What is 11013212 (base 4) in base 9?
31675
134001 (base 5) to base 3
21112202
What is -113013 (base 4) in base 6?
-10503
31320 (base 4) to base 6
4040
-4123 (base 5) to base 13
-325
-3d13 (base 14) to base 5
-321142
What is -102 (base 13) in base 7?
-333
-31413 (base 5) to base 10
-2108
-22211 (base 3) to base 14
-130
Convert 1d66 (base 14) to base 8.
12406
Convert 1547 (base 10) to base 8.
3013
Convert -6 (base 14) to base 12.
-6
Convert -51 (base 14) to base 6.
-155
2da9 (base 14) to base 16
1ff9
What is -40061 (base 7) in base 9?
-14208
22044 (base 5) to base 10
1524
14113 (base 5) to base 9
1526
What is -1317d (base 14) in base 6?
-1001215
-1e29 (base 15) to base 11
-4a28
331311 (base 4) to base 15
128c
Convert -30a4 (base 15) to base 9.
-15081
Convert 27408 (base 12) to base 11.
3775a
What is -10301031 (base 4) in base 6?
-230233
What is -2213 (base 5) in base 9?
-372
-87 (base 15) to base 13
-9a
Convert 36895 (base 10) to base 11.
257a1
b5dd (base 14) to base 11
21619
-100201 (base 3) to base 10
-262
Convert 1653 (base 13) to base 4.
303033
Convert 1e28 (base 15) to base 8.
14643
1015 (base 10) to base 12
707
1111000 (base 3) to base 10
1080
Convert 102210 (base 3) to base 11.
26a
Convert 1551 (base 7) to base 9.
763
Convert 2210121 (base 3) to base 10.
2041
101103 (base 7) to base 11
11a19
Convert 2222111 (base 3) to base 5.
32143
Convert 117f (base 16) to base 5.
120404
What is 221241 (base 5) in base 7?
31303
Convert -7409 (base 14) to base 3.
-1000102210
2c8 (base 15) to base 16
27e
Convert -10885 (base 9) to base 8.
-16166
4565 (base 9) to base 10
3380
Convert -222 (base 3) to base 13.
-20
Convert 12131 (base 5) to base 16.
394
100120 (base 3) to base 9
316
-6c56 (base 14) to base 10
-18892
Convert 1950 (base 11) to base 14.
c8b
What is -4000 (base 6) in base 5?
-11424
6416 (base 13) to base 4
3120311
-145124 (base 6) to base 14
-51c8
10010001000101 (base 2) to base 7
36033
-11793 (base 10) to base 4
-2320101
What is -74de (base 15) in base 7?
-132053
Convert 4c3 (base 13) to base 14.
439
5b4 (base 14) to base 8
2162
-21211 (base 4) to base 11
-508
-4867 (base 10) to base 3
-20200021
Convert 1211210 (base 3) to base 11.
1012
What is 15a7c (base 14) in base 13?
1b899
Convert 113000021 (base 4) to base 2.
10111000000001001
What is b10 (base 14) in base 2?
100001111010
What is 103001 (base 4) in base 7?
3356
-323 (base 10) to base 11
-274
13645 (base 7) to base 9
5134
What is 101111011010011 (base 2) in base 9?
36262
4 (base 8) to base 2
100
401333 (base 5) to base 8
30656
-100220233 (base 4) to base 6
-1243251
-5222 (base 9) to base 10
-3827
-601b (base 13) to base 11
-9a16
What is 355 (base 8) in base 16?
ed
20360 (base 7) to base 2
1001101111111
Convert -13423 (base 7) to base 15.
-112d
31133 (base 4) to base 12
5bb
What is 110253 (base 7) in base 2?
100101110010000
Convert 1121 (base 5) to base 13.
c5
-2122 (base 5) to base 10
-287
Convert ac56 (base 14) to base 8.
72254
Convert -1b0 (base 12) to base 16.
-114
Convert 4972 (base 16) to base 11.
13143
What is -13303 (base 5) in base 7?
-3100
What is 229 (base 15) in base 4?
13221
Convert -110211101 (base 3) to base 9.
-13741
-54521 (base 9) to base 6
-435201
What is -c48c (base 13) in base 6?
-325420
531 (base 13) to base 16
375
Convert 65868 (base 9) to base 6.
534225
Convert 24403 (base 7) to base 4.
1203211
Convert -1200313 (base 4) to base 12.
-3707
-15 (base 16) to base 15
-16
Convert -2bd0 (base 15) to base 14.
-360c
What is 1165 (base 7) in base 9?
537
-14666 (base 7) to base 15
-1345
-110011010 (base 2) to base 11
-343
Convert 1001000010 (base 2) to base 8.
1102
470 (base 13) to base 6
3315
Convert 1b83 (base 12) to base 8.
6523
Convert 411 (base 9) to base 13.
1c9
Convert 14606 (base 7) to base 13.
1b14
Convert 1a04 (base 12) to base 10.
3172
Convert 1854 (base 16) to base 7.
24105
What is 2a (base 12) in base 2?
100010
Convert 121222102 (base 3) to base 11.
9332
Convert 1114110 (base 5) to base 3.
1000022020
What is 4584 (base 11) in base 13?
2982
Convert 11576 (base 8) to base 10.
4990
Convert 9705 (base 13) to base 16.
51e1
What is -98a (base 13) in base 11?
-1257
What is -67104 (base 10) in base 5?
-4121404
3275 (base 16) to base 11
9783
Convert -ee3 (base 15) to base 4.
-310203
-213231 (base 4) to base 16
-9ed
-11001110011011 (base 2) to base 13
-6023
Convert 333 (base 8) to base 9.
263
Convert -6310 (base 12) to base 5.
-321222
Convert 69 (base 15) to base 4.
1203
Convert 348 (base 14) to base 5.
10102
-2508 (base 13) to base 4
-1101333
2394 (base 14) to base 7
24044
165 (base 11) to base 7
363
Convert -38657 (base 10) to base 8.
-113401
-329 (base 16) to base 2
-1100101001
-1cd4 (base 14) to base 4
-1102202
11110201 (base 3) to base 11
24a3
-263 (base 10) to base 9
-322
What is -309 (base 14) in base 12?
-419
-1312 (base 6) to base 3
-110022
Convert -3030 (base 4) to base 13.
-129
What is 1473 (base 9) in base 12?
793
What is 1665 (base 12) in base 4?
221231
Convert -210 (base 8) to base 12.
-b4
24132 (base 6) to base 12
2048
Convert -13324 (base 9) to base 6.
-105421
Convert -1a69 (base 14) to base 10.
-4797
Convert 2223231 (base 5) to base 16.
9917
What is 398 (base 10) in base 14?
206
What is 32622 (base 8) in base 9?
20727
Convert 10010110001 (base 2) to base 15.
551
What is -3143 (base 6) in base 5?
-10321
14133 (base 5) to base 13
6bb
3021 (base 7) to base 6
4500
Convert 2d0 (base 14) to base 6.
2354
Convert -1070 (base 14) to base 12.
-178a
536 (base 9) to base 7
1164
Convert 1535 (base 9) to base 12.
812
3817 (base 9) to base 4
230203
Convert 377 (base 11) to base 8.
677
Convert 545 (base 9) to base 11.
376
What is 222356 (base 7) in base 10?
39290
34320 (base 6) to base 3
20200110
Convert 5f3 (base 16) to base 5.
22043
What is 174 (base 15) in base 16?
14e
1212002 (base 3) to base 9
1762
Convert -73a (base 11) to base 5.
-12030
What is -2372 (base 13) in base 3?
-20211222
4ba9 (base 12) to base 13
3c06
15503 (base 6) to base 5
40214
What is 1111001100001 (base 2) in base 3?
101200001
5c75 (base 15) to base 3
1000000002
Convert -615 (base 8) to base 14.
-205
12522 (base 6) to base 13
b4b
What is 1b4 (base 15) in base 10?
394
What is -13333 (base 4) in base 15?
-241
Convert 321440 (base 6) to base 14.
982c
a936 (base 11) to base 14
5394
Convert 5656 (base 14) to base 6.
153152
What is 123125 (base 6) in base 14?
4069
Convert 22103 (base 5) to base 9.
2077
What is -100b (base 12) 